te number?
False
Is 2063334847 prime?
False
Is 1395626227 a prime number?
True
Is 6926740801 prime?
False
Is 1778388047 a prime number?
True
Is 14927213839 a composite number?
True
Is 61019008051 composite?
False
Is 10946026799 composite?
False
Is 2837606963 a prime number?
True
Is 473239337 a prime number?
False
Is 1715585114 a composite number?
True
Is 21684865003 a prime number?
False
Is 80088631751 composite?
True
Is 122645311499 a composite number?
False
Is 2669678951 composite?
True
Is 262618963 prime?
False
Is 3205150943 a composite number?
True
Is 38256630787 a composite number?
True
Is 6985130639 a prime number?
True
Is 98934313 a prime number?
False
Is 3280722727 composite?
False
Is 886340479 prime?
True
Is 2259169931 composite?
True
Is 126590929 prime?
True
Is 6160935899 a prime number?
True
Is 3723335089 a prime number?
True
Is 56456649757 composite?
True
Is 719862593 composite?
False
Is 522992627 composite?
True
Is 264800799565 a composite number?
True
Is 14894248139 a composite number?
True
Is 8901881342 a composite number?
True
Is 60373478545 a prime number?
False
Is 18724619 a composite number?
False
Is 7934197989 a prime number?
False
Is 575490121 a composite number?
False
Is 7829683819 a prime number?
False
Is 316350289 composite?
False
Is 4902455399 a composite number?
False
Is 3458301943 a prime number?
True
Is 12746295917 a prime number?
False
Is 1424184379 prime?
False
Is 1923683917 composite?
True
Is 7434317809 composite?
True
Is 2817080411 composite?
True
Is 78911784537 a composite number?
True
Is 108833964709 composite?
False
Is 2963400941 prime?
True
Is 1248975235 prime?
False
Is 241437569 composite?
False
Is 1093855169 prime?
False
Is 1517568677 prime?
False
Is 92393417 prime?
True
Is 3771234851 prime?
True
Is 814175549 prime?
False
Is 3720571 a composite number?
False
Is 22273662941 composite?
True
Is 1045957891 composite?
True
Is 775654513 prime?
False
Is 11559124879 prime?
False
Is 25020940753 prime?
True
Is 9201945629 composite?
False
Is 4363947713 composite?
True
Is 4923726421 a composite number?
False
Is 1988370011 composite?
False
Is 7850292913 composite?
True
Is 1105178693 a composite number?
True
Is 12174217087 a composite number?
False
Is 757214413 a composite number?
True
Is 1474118003 prime?
True
Is 12046193 a composite number?
False
Is 73003314823 a composite number?
False
Is 2444437973 composite?
True
Is 26102604313 composite?
True
Is 483923507 prime?
True
Is 1848875761 a composite number?
True
Is 3930769477 a composite number?
True
Is 82723409 a prime number?
False
Is 55223742113 composite?
True
Is 14025833381 composite?
True
Is 29661668819 prime?
True
Is 10363877 composite?
False
Is 2309016011 a composite number?
True
Is 4472586841 composite?
False
Is 128333687 a prime number?
False
Is 114731777 composite?
True
Is 136179485111 a composite number?
False
Is 11778179311 a composite number?
False
Is 49974406151 a composite number?
True
Is 1781524882 a prime number?
False
Is 6660358361 a composite number?
False
Is 1046906141 a composite number?
True
Is 30627955859 a composite number?
False
Is 2382885863 prime?
True
Is 2484004687 prime?
False
Is 5269260949 composite?
False
Is 1947714563 composite?
False
Is 74882140357 a composite number?
False
Is 3068640571 a prime number?
False
Is 280660369 a prime number?
False
Is 12511276399 prime?
True
Is 115277810299 a composite number?
False
Is 117808657 prime?
False
Is 62728801563 a prime number?
False
Is 19782435641 composite?
True
Is 2208192331 prime?
False
Is 3725630277 a prime number?
False
Is 1841296883 prime?
True
Is 729829627 a prime number?
True
Is 27936178937 composite?
False
Is 24323380331 a composite number?
True
Is 124556901247 a prime number?
True
Is 137934638 composite?
True
Is 475155991 a composite number?
False
Is 43274691093 a composite number?
True
Is 228619921 prime?
False
Is 356433249 composite?
True
Is 9130377077 a composite number?
True
Is 3794463943 a composite number?
True
Is 404801377 composite?
False
Is 1700351999 a composite number?
False
Is 2741867159 a prime number?
True
Is 3582571439 a composite number?
False
Is 937893697 prime?
False
Is 38951602709 a composite number?
True
Is 1155098003 a composite number?
True
Is 56173494814 a composite number?
True
Is 1008055967 a composite number?
True
Is 29655384793 a composite number?
False
Is 285013541 composite?
False
Is 15618244519 prime?
True
Is 427514429 a composite number?
False
Is 132662370847 a prime number?
True
Is 5069251841 a composite number?
True
Is 225214901 prime?
True
Is 1751530367 prime?
True
Is 6660041051 a prime number?
True
Is 93578137091 a composite number?
True
Is 30039913283 prime?
False
Is 197892847 composite?
True
Is 6658771451 composite?
False
Is 4663835719 a composite number?
True
Is 2689884751 prime?
False
Is 957985771 prime?
False
Is 35851804661 composite?
False
Is 1134740941 a composite number?
True
Is 10163438731 a composite number?
False
Is 8768692319 a prime number?
False
Is 15311378807 prime?
False
Is 909856499 a composite number?
False
Is 5188263421 composite?
True
Is 554959087 prime?
False
Is 4355518333 a composite number?
True
Is 749249939 prime?
False
Is 5629507319 a prime number?
False
Is 2176058153 a composite number?
True
Is 8348451613 prime?
False
Is 1662190003 prime?
True
Is 1053482935 a composite number?
True
Is 74002963357 a prime number?
False
Is 2603197427 a prime number?
False
Is 537749833 a composite number?
False
Is 5536431403 a composite number?
False
Is 6181564121 a prime number?
True
Is 5014093961 composite?
True
Is 17954107807 a composite number?
False
Is 16660944731 a composite number?
True
Is 1388735947 composite?
False
Is 21010503337 prime?
False
Is 19274275211 composite?
True
Is 3354407891 composite?
False
Is 130700242 a prime number?
False
Is 50044139 a prime number?
True
Is 105754366 a composite number?
True
Is 898522873 a composite number?
True
Is 800926759 a composite number?
True
Is 328694617 composite?
True
Is 49598230883 composite?
True
Is 1539134699 composite?
True
Is 44935595737 prime?
False
Is 7367760931 a composite number?
True
Is 989303299 prime?
False
Is 750524381 composite?
True
Is 6152463939 composite?
True
Is 31202694559 a composite number?
True
Is 19131635161 a prime number?
True
Is 83989078399 prime?
False
Is 739022546 prime?
False
Is 207981637 prime?
False
Is 142312213 prime?
True
Is 64916152879 a composite number?
False
Is 1579952414 prime?
False
Is 106963459 a composite number?
True
Is 92727798221 prime?
True
Is 355769251 a composite number?
True
Is 2831987537 a prime number?
True
Is 71843408197 composite?
True
Is 99363526 prime?
False
Is 6176450837 a prime number?
True
Is 7319455457 a prime number?
True
Is 104100663959 a composite number?
False
Is 12774217 prime?
False
Is 4071487009 composite?
True
Is 83042101 composite?
True
Is 37789054483 a prime number?
False
Is 10576282373 composite?
False
Is 830401997 a composite number?
False
Is 6115127761 a prime number?
False
Is 24009126874 composite?
True
Is 9280518061 a composite number?
True
Is 6888525451 prime?
False
Is 2056919341 prime?
False
Is 5500811161 composite?
False
Is 1110192197 composite?
False
Is 3054375479 composite?
True
Is 136501039813 a prime number?
True
Is 11515896889 a composite number?
True
Is 2361294113 a prime number?
True
Is 2416945291 prime?
True
Is 205218263 composite?
False
Is 7698230957 prime?
True
Is 12720751679 prime?
True
Is 10172143 composite?
False
Is 400390559 a composite number?
True
Is 74747292127 prime?
True
Is 1823684479 prime?
True
Is 174448039 a prime number?
True
Is 6027400109 a composite number?
True
Is 125052305173 a prime number?
False
Is 63733010147 a prime number?
True
Is 138001078879 prime?
True
Is 146757239 a prime number?
True
Is 297326353 a prime number?
False
Is 18254143423 a prime number?
True
Is 10647773417 prime?
True
Is 15931458953 composite?
False
Is 5227971303 a composite number?
True
Is 5352891449 a prime number?
True
Is 8476392037 composite?
False
Is 430746317 a prime number?
False
Is 290545625827 prime?
True
Is 733668367 composite?
False
Is 1338088441 prime?
False
Is 2213577169 composite?
False
Is 11456769323 a prime number?
True
Is 1106550959 prime?
False
Is 1088616617 prime?
False
Is 29298881 a composite number